{"id":139,"date":"2020-02-26T13:23:53","date_gmt":"2020-02-26T12:23:53","guid":{"rendered":"https:\/\/www.jennysphotographies.com\/?page_id=139"},"modified":"2020-03-11T11:15:15","modified_gmt":"2020-03-11T10:15:15","slug":"description-seance-enfant-et-famille","status":"publish","type":"page","link":"https:\/\/www.jennysphotographies.com\/description-seance-enfant-et-famille\/","title":{"rendered":"Description s\u00e9ance enfant et famille"},"content":{"rendered":"\t\t<div data-elementor-type=\"wp-page\" data-elementor-id=\"139\" class=\"elementor elementor-139\" data-elementor-post-type=\"page\">\n\t\t\t\t\t\t<section class=\"elementor-section elementor-top-section elementor-element elementor-element-469105f elementor-section-boxed elementor-section-height-default elementor-section-height-default\" data-id=\"469105f\" data-element_type=\"section\">\n\t\t\t\t\t\t<div class=\"elementor-container elementor-column-gap-default\">\n\t\t\t\t\t<div class=\"elementor-column elementor-col-50 elementor-top-column elementor-element elementor-element-6ee00899\" data-id=\"6ee00899\" data-element_type=\"column\">\n\t\t\t<div class=\"elementor-widget-wrap elementor-element-populated\">\n\t\t\t\t\t\t<div class=\"elementor-element elementor-element-106a8233 elementor-drop-cap-yes elementor-drop-cap-view-stacked elementor-widget elementor-widget-text-editor\" data-id=\"106a8233\" data-element_type=\"widget\" data-settings=\"{&quot;drop_cap&quot;:&quot;yes&quot;}\" data-widget_type=\"text-editor.default\">\n\t\t\t\t<div class=\"elementor-widget-container\">\n\t\t\t\t\t\t\t<p>Lors d\u2019une s\u00e9ance enfant, je r\u00e9alise toujours des photos de famille c\u2019est pour cela que je nomme ces s\u00e9ances ainsi.<\/p><p>Si vous avez choisi une s\u00e9ance en studio, il y a plusieurs mises en sc\u00e8nes possibles. De plus si l\u2019enfant est \u00e0 l\u2019aise on peut facilement changer les d\u00e9cors. Enfin si l\u2019enfant est r\u00e9serv\u00e9 et a besoin de vous, je privil\u00e9gierai les photos de famille. Je conseille que la position assise soit acquise pour ces s\u00e9ances. <span style=\"font-size: 1rem;\">Si vous avez choisi une s\u00e9ance en ext\u00e9rieur, nous nous baladerons et profiterons pour faire des photos naturelles, bas\u00e9es sur le jeu.<\/span><\/p><p>Il y aura aussi des photos plus pos\u00e9es mais je vous guiderai tout le long de la s\u00e9ance.<\/p><p>Ma fa\u00e7on d\u2019appr\u00e9hender une s\u00e9ance est toujours la m\u00eame\u00a0: tout le monde doit passer un bon moment. La s\u00e9ance peut varier entre 1h et 1h30, cela peut \u00eatre fatiguant et en fin de s\u00e9ance l\u2019enfant peut parfois s\u2019\u00e9nerver et c\u2019est lui qui nous fait comprendre qu\u2019il faut arr\u00eater.<\/p><p>Pour la prise de rdv, il faut pr\u00e9voir environ 6 semaines avant la s\u00e9ance surtout si votre agenda ne vous laisse que les week ends et que vous avez une pr\u00e9f\u00e9rence pour le matin qui est le moment le plus propice pour ce type de s\u00e9ance.\u00a0<\/p><p>Par contre, le d\u00e9lai est plus court si vous avez des disponibilit\u00e9s en semaine (sauf mercredi).<\/p>\t\t\t\t\t\t<\/div>\n\t\t\t\t<\/div>\n\t\t\t\t\t<\/div>\n\t\t<\/div>\n\t\t\t\t<div class=\"elementor-column elementor-col-50 elementor-top-column elementor-element elementor-element-3c5d2b9f\" data-id=\"3c5d2b9f\" data-element_type=\"column\">\n\t\t\t<div class=\"elementor-widget-wrap elementor-element-populated\">\n\t\t\t\t\t\t<div class=\"elementor-element elementor-element-2edb82d0 elementor-widget elementor-widget-image\" data-id=\"2edb82d0\" data-element_type=\"widget\" data-widget_type=\"image.default\">\n\t\t\t\t<div class=\"elementor-widget-container\">\n\t\t\t\t\t\t\t\t\t\t\t\t\t<img fetchpriority=\"high\" decoding=\"async\" width=\"640\" height=\"960\" src=\"https:\/\/www.jennysphotographies.com\/file\/2020\/02\/Photographe-Enfant-et-famille-a\u0300-Juan-les-Pins-rotated.jpg\" class=\"attachment-large size-large wp-image-143\" alt=\"Photographe Enfant et famille a\u0300 Juan les Pins\" srcset=\"https:\/\/www.jennysphotographies.com\/file\/2020\/02\/Photographe-Enfant-et-famille-a\u0300-Juan-les-Pins-rotated.jpg 640w, https:\/\/www.jennysphotographies.com\/file\/2020\/02\/Photographe-Enfant-et-famille-a\u0300-Juan-les-Pins-200x300.jpg 200w\" sizes=\"(max-width: 640px) 100vw, 640px\" \/>\t\t\t\t\t\t\t\t\t\t\t\t\t<\/div>\n\t\t\t\t<\/div>\n\t\t\t\t\t<\/div>\n\t\t<\/div>\n\t\t\t\t\t<\/div>\n\t\t<\/section>\n\t\t\t\t<\/div>\n\t\t","protected":false},"excerpt":{"rendered":"<p>Lors d\u2019une s\u00e9ance enfant, je r\u00e9alise toujours des photos de famille c\u2019est pour cela que je nomme ces s\u00e9ances ainsi. Si vous avez choisi une s\u00e9ance en studio, il y a plusieurs mises en sc\u00e8nes possibles. De plus si l\u2019enfant est \u00e0 l\u2019aise on peut facilement changer les d\u00e9cors. Enfin si l\u2019enfant est r\u00e9serv\u00e9 et [&hellip;]<\/p>\n","protected":false},"author":2,"featured_media":150,"parent":0,"menu_order":0,"comment_status":"closed","ping_status":"closed","template":"","meta":{"footnotes":""},"_links":{"self":[{"href":"https:\/\/www.jennysphotographies.com\/rest\/wp\/v2\/pages\/139"}],"collection":[{"href":"https:\/\/www.jennysphotographies.com\/rest\/wp\/v2\/pages"}],"about":[{"href":"https:\/\/www.jennysphotographies.com\/rest\/wp\/v2\/types\/page"}],"author":[{"embeddable":true,"href":"https:\/\/www.jennysphotographies.com\/rest\/wp\/v2\/users\/2"}],"replies":[{"embeddable":true,"href":"https:\/\/www.jennysphotographies.com\/rest\/wp\/v2\/comments?post=139"}],"version-history":[{"count":3,"href":"https:\/\/www.jennysphotographies.com\/rest\/wp\/v2\/pages\/139\/revisions"}],"predecessor-version":[{"id":324,"href":"https:\/\/www.jennysphotographies.com\/rest\/wp\/v2\/pages\/139\/revisions\/324"}],"wp:featuredmedia":[{"embeddable":true,"href":"https:\/\/www.jennysphotographies.com\/rest\/wp\/v2\/media\/150"}],"wp:attachment":[{"href":"https:\/\/www.jennysphotographies.com\/rest\/wp\/v2\/media?parent=139"}],"curies":[{"name":"wp","href":"https:\/\/api.w.org\/{rel}","templated":true}]}}

Description séance enfant et famille

<div data-elementor-type="wp-page" data-elementor-id="139" class="elementor elementor-139" data-elementor-post-type="page">
						<section class="elementor-section elementor-top-section elementor-element elementor-element-469105f elementor-section-boxed elementor-section-height-default elementor-section-height-default" data-id="469105f" data-element_type="section">
						<div class="elementor-container elementor-column-gap-default">
					<div class="elementor-column elementor-col-50 elementor-top-column elementor-element elementor-element-6ee00899" data-id="6ee00899" data-element_type="column">
			<div class="elementor-widget-wrap elementor-element-populated">
						<div class="elementor-element elementor-element-106a8233 elementor-drop-cap-yes elementor-drop-cap-view-stacked elementor-widget elementor-widget-text-editor" data-id="106a8233" data-element_type="widget" data-settings="{&quot;drop_cap&quot;:&quot;yes&quot;}" data-widget_type="text-editor.default">
				<div class="elementor-widget-container">
							<p>Lors d’une séance enfant, je réalise toujours des photos de famille c’est pour cela que je nomme ces séances ainsi.</p><p>Si vous avez choisi une séance en studio, il y a plusieurs mises en scènes possibles. De plus si l’enfant est à l’aise on peut facilement changer les décors. Enfin si l’enfant est réservé et a besoin de vous, je privilégierai les photos de famille. Je conseille que la position assise soit acquise pour ces séances. <span style="font-size: 1rem;">Si vous avez choisi une séance en extérieur, nous nous baladerons et profiterons pour faire des photos naturelles, basées sur le jeu.</span></p><p>Il y aura aussi des photos plus posées mais je vous guiderai tout le long de la séance.</p><p>Ma façon d’appréhender une séance est toujours la même : tout le monde doit passer un bon moment. La séance peut varier entre 1h et 1h30, cela peut être fatiguant et en fin de séance l’enfant peut parfois s’énerver et c’est lui qui nous fait comprendre qu’il faut arrêter.</p><p>Pour la prise de rdv, il faut prévoir environ 6 semaines avant la séance surtout si votre agenda ne vous laisse que les week ends et que vous avez une préférence pour le matin qui est le moment le plus propice pour ce type de séance. </p><p>Par contre, le délai est plus court si vous avez des disponibilités en semaine (sauf mercredi).</p>						</div>
				</div>
					</div>
		</div>
				<div class="elementor-column elementor-col-50 elementor-top-column elementor-element elementor-element-3c5d2b9f" data-id="3c5d2b9f" data-element_type="column">
			<div class="elementor-widget-wrap elementor-element-populated">
						<div class="elementor-element elementor-element-2edb82d0 elementor-widget elementor-widget-image" data-id="2edb82d0" data-element_type="widget" data-widget_type="image.default">
				<div class="elementor-widget-container">
													<img fetchpriority="high" decoding="async" width="640" height="960" src="https://www.jennysphotographies.com/file/2020/02/Photographe-Enfant-et-famille-à-Juan-les-Pins-rotated.jpg" class="attachment-large size-large wp-image-143" alt="Photographe Enfant et famille à Juan les Pins" srcset="https://www.jennysphotographies.com/file/2020/02/Photographe-Enfant-et-famille-à-Juan-les-Pins-rotated.jpg 640w, https://www.jennysphotographies.com/file/2020/02/Photographe-Enfant-et-famille-à-Juan-les-Pins-200x300.jpg 200w" sizes="(max-width: 640px) 100vw, 640px" />													</div>
				</div>
					</div>
		</div>
					</div>
		</section>
				</div>

<p>Lors d’une séance enfant, je réalise toujours des photos de famille c’est pour cela que je nomme ces séances ainsi. Si vous avez choisi une séance en studio, il y a plusieurs mises en scènes possibles. De plus si l’enfant est à l’aise on peut facilement changer les décors. Enfin si l’enfant est réservé et [&hellip;]</p>
